1?
False
Is 24 a factor of 5789?
False
Does 11 divide 378?
False
Does 55 divide 202?
False
Is 46 a factor of 4094?
True
Does 6 divide 781?
False
Does 75 divide 931?
False
Is 1036 a multiple of 28?
True
Is 703 a multiple of 11?
False
Is 5550 a multiple of 3?
True
Is 55658 a multiple of 34?
True
Does 62 divide 3563?
False
Is 14543 a multiple of 145?
False
Is 35 a factor of 3022?
False
Does 5 divide 3720?
True
Is 109501 a multiple of 12?
False
Is 2256 a multiple of 26?
False
Does 2 divide 372?
True
Is 127 a factor of 3932?
False
Is 432 a multiple of 36?
True
Is 588 a multiple of 7?
True
Does 97 divide 2813?
True
Is 10 a factor of 1870?
True
Is 3471 a multiple of 4?
False
Is 420 a multiple of 12?
True
Does 18 divide 3870?
True
Is 1703 a multiple of 28?
False
Does 7 divide 292?
False
Does 107 divide 6420?
True
Does 89 divide 17960?
False
Is 5 a factor of 2877?
False
Is 35 a factor of 350?
True
Does 74 divide 1331?
False
Is 233 a multiple of 7?
False
Is 3 a factor of 10684?
False
Does 2 divide 59?
False
Is 30075 a multiple of 15?
True
Does 55 divide 612?
False
Does 20 divide 2280?
True
Does 5 divide 15584?
False
Is 799 a multiple of 67?
False
Is 147 a factor of 2897?
False
Is 1246 a multiple of 89?
True
Is 330 a multiple of 33?
True
Is 5 a factor of 10?
True
Does 108 divide 10368?
True
Does 9 divide 2038?
False
Is 756 a multiple of 36?
True
Does 22 divide 946?
True
Is 87872 a multiple of 64?
True
Does 9 divide 3406?
False
Is 13788 a multiple of 36?
True
Does 72 divide 953?
False
Does 19 divide 25358?
False
Does 40 divide 10200?
True
Does 5 divide 211?
False
Is 555 a multiple of 85?
False
Does 29 divide 8555?
True
Does 11 divide 9616?
False
Is 263 a factor of 7282?
False
Is 2522 a multiple of 16?
False
Is 1691 a multiple of 19?
True
Is 24 a factor of 168?
True
Is 12510 a multiple of 45?
True
Is 20 a factor of 1538?
False
Is 5587 a multiple of 3?
False
Is 13516 a multiple of 11?
False
Does 77 divide 866?
False
Is 7 a factor of 15?
False
Is 945 a multiple of 21?
True
Is 1781 a multiple of 20?
False
Does 46 divide 423?
False
Is 30870 a multiple of 18?
True
Does 13 divide 715?
True
Is 14 a factor of 5373?
False
Is 4 a factor of 872?
True
Does 4 divide 696?
True
Is 24 a factor of 936?
True
Does 53 divide 13939?
True
Is 35 a factor of 665?
True
Is 6 a factor of 754?
False
Does 13 divide 369?
False
Does 15 divide 330?
True
Does 59 divide 7544?
False
Is 216 a multiple of 8?
True
Does 55 divide 337?
False
Is 401 a factor of 74987?
True
Does 13 divide 3562?
True
Does 8 divide 32104?
True
Is 37 a factor of 1717?
False
Is 56 a factor of 35224?
True
Is 78564 a multiple of 56?
False
Is 39501 a multiple of 113?
False
Is 2280 a multiple of 19?
True
Is 26516 a multiple of 121?
False
Is 2 a factor of 179?
False
Is 9 a factor of 315?
True
Is 2 a factor of 5567?
False
Is 60 a factor of 9369?
False
Is 1287 a multiple of 29?
False
Is 630 a multiple of 17?
False
Is 8 a factor of 1624?
True
Is 11415 a multiple of 55?
False
Is 2470 a multiple of 6?
False
Is 81 a factor of 10826?
False
Does 14 divide 350?
True
Is 527 a multiple of 12?
False
Does 127 divide 9271?
True
Is 6 a factor of 2477?
False
Is 994 a multiple of 14?
True
Is 22 a factor of 1329?
False
Is 18044 a multiple of 13?
True
Is 1083 a multiple of 94?
False
Does 43 divide 774?
True
Does 288 divide 24734?
False
Is 7695 a multiple of 95?
True
Does 65 divide 12959?
False
Is 14 a factor of 742?
True
Does 17 divide 68?
True
Is 5 a factor of 30?
True
Is 70 a multiple of 35?
True
Does 18 divide 4565?
False
Is 324 a multiple of 21?
False
Is 24 a factor of 14784?
True
Is 87578 a multiple of 105?
False
Does 131 divide 25357?
False
Does 19 divide 27873?
True
Does 50 divide 550?
True
Does 10 divide 1578?
False
Does 29 divide 605?
False
Is 28 a factor of 42028?
True
Does 46 divide 2679?
False
Is 15 a factor of 10366?
False
Does 14 divide 6205?
False
Does 244 divide 75124?
False
Does 9 divide 58149?
True
Is 85 a factor of 4653?
False
Is 23 a factor of 184?
True
Is 13 a factor of 24441?
False
Is 75 a factor of 9683?
False
Does 3 divide 14409?
True
Is 2 a factor of 1258?
True
Does 12 divide 10116?
True
Does 14 divide 812?
True
Is 213 a factor of 39719?
False
Is 665 a multiple of 141?
False
Is 1188 a multiple of 27?
True
Is 7 a factor of 2529?
False
Does 6 divide 6390?
True
Does 35 divide 490?
True
Is 67 even?
False
Is 115 a factor of 17348?
False
Is 1860 a multiple of 39?
False
Is 8304 a multiple of 6?
True
Does 132 divide 3696?
True
Does 105 divide 16380?
True
Does 73 divide 12118?
True
Is 124 a multiple of 10?
False
Does 22 divide 3654?
False
Is 9 a factor of 6683?
False
Is 1982 a multiple of 23?
False
Is 977 a multiple of 10?
False
Is 39 a factor of 178?
False
Does 105 divide 7093?
False
Is 480 a multiple of 12?
True
Is 54 a factor of 14094?
True
Does 57 divide 399?
True
Is 805 a multiple of 35?
True
Is 10 a factor of 100?
True
Does 70 divide 4690?
True
Is 560 a multiple of 14?
True
Does 45 divide 72907?
False
Does 8 divide 260?
False
Is 47 a factor of 20821?
True
Is 124 a factor of 21202?
False
Is 26 a factor of 788?
False
Is 245 a multiple of 32?
False
Is 39 a multiple of 6?
False
Is 36 a factor of 7336?
False
Does 28 divide 21308?
True
Is 69 a factor of 546?
False
Is 9388 a multiple of 38?
False
Does 49 divide 2254?
True
Is 423 a multiple of 3?
True
Does 45 divide 2655?
True
Is 47 a factor of 23919?
False
Is 7 a factor of 1105?
False
Is 21 a factor of 4494?
True
Is 30 a factor of 1698?
False
Does 42 divide 22974?
True
Does 28 divide 560?
True
Is 170 a multiple of 5?
True
Is 34656 a multiple of 32?
True
Is 7 a factor of 1582?
True
Is 12 a factor of 180?
True
Is 125 a multiple of 25?
True
Is 44 a factor of 70092?
True
Does 50 divide 500?
True
Does 11 divide 56658?
False
Is 802 a multiple of 5?
False
Is 8 a factor of 763?
False
Is 43 a factor of 3311?
True
Is 19 a factor of 304?
True
Is 1440 a multiple of 24?
True
Is 5 a factor of 5981?
False
Does 10 divide 1840?
True
Is 12 a factor of 1325?
False
Is 30162 a multiple of 66?
True
Is 55 a multiple of 11?
True
Does 18 divide 3292?
False
Is 17 a multiple of 2?
False
Is 780 a multiple of 39?
True
Is 8 a factor of 30?
False
Does 3 divide 2401?
False
Is 103 a factor of 1393?
False
Is 11827 a multiple of 20?
False
Does 7 divide 889?
True
Is 350 a multiple of 2?
True
Is 11 a factor of 1122?
True
Is 376 a multiple of 41?
False
Does 51 divide 29173?
False
Is 458 a multiple of 3?
False
Does 24 divide 4828?
False
Does 3 divide 271?
False
Is 712 a multiple of 23?
False
Is 2 a factor of 460?
True
Is 20 a factor of 368?
False
Is 22 a factor of 16215?
False
Is 15 a factor of 2595?
True
Is 32 a factor of 7520?
True
Is 4579 a multiple of 53?
False
Is 6 a factor of 1251?
False
Is 137 a factor of 51512?
True
Is 5363 a multiple of 47?
False
Is 1613 a multiple of 23?
False
Is 28 a factor of 7476?
True
Is 23 a factor of 736?
True
Is 2326 even?
True
Does 41 divide 8314?
False
Does 13 divide 1815?
False
Is 23 a factor of 608?
False
Does 2 divide 4328?
True
Is 19 a factor of 59147?
True
Is 4 a factor of 53?
False
Does 10 divide 611?
False
Does 4 divide 8276?
True
Is 209 a factor of 20783?
False
Does 81 divide 6399?
True
Is 55 a factor of 45663?
False
Is 16900 a multiple of 17?
False
Is 14 a factor of 1568?
True
Is 791 a multiple of 41?
False
Does 12 divide 4838?
False
Does 19 divide 4066?
True
Does 12 divide 5002?
False
Does 18 divide 47898?
True
Does 19 divide 3629?
True
Is 1035 a multiple of 9?
True
Is 8016 a multiple of 48?
True
Is 109 a factor of 5014?
True
Does 9 divide 314?
False
Is 415 a multiple of 83?
True
Is 845 a multiple of 2?
False
Does 21 divide 1499?
False
Is 50 a factor of 998?
False
Is 17 a factor of 2533?
True
Does 5 divide 30?
True
Is 8 a factor of 784?
True
Is 5 a factor of 311?
False
Is 18 a factor of 83122?
False
Does 31 divide 3844?
True
Does 17 divide 10140?
False
Is 25600 even?
True
Is 8 a factor of 136?
True
Does 3 divide 2373?
True
Is 31 a factor of 4351?
False
Is 13 a factor of 4307?
False
Does 83 divide 14432?
False
Is 594 a multiple of 33?
True
Is 1792 a multiple of 5?
False
Does 76 divide 11932?
True
Does 8 divide 633?
False
Is 1128 a multiple of 24?
True
Does 20 divide 6255?
False
Does 28 divide 1275?
False
Is 379 a multiple of 49?
False
Is 35351 a multiple of 24?
Fals